is the greatest common factor of 8706125 and 25?
25
Calculate the highest common divisor of 5941434 and 6.
6
What is the highest common divisor of 1796 and 1732242?
898
Calculate the highest common factor of 3264 and 510.
102
Calculate the greatest common divisor of 40516 and 1708.
28
Calculate the greatest common divisor of 99294 and 6669.
741
Calculate the greatest common divisor of 927401 and 867.
289
What is the greatest common divisor of 1012 and 1760?
44
Calculate the highest common divisor of 264680 and 1560.
520
What is the greatest common factor of 8 and 26984?
8
Calculate the highest common factor of 71516 and 1292.
76
What is the highest common divisor of 5 and 3953?
1
What is the highest common factor of 1692 and 186684?
564
What is the greatest common divisor of 504 and 44436?
84
What is the highest common factor of 44 and 222596?
44
What is the greatest common divisor of 164331 and 63?
9
What is the highest common divisor of 162219 and 138?
69
Calculate the highest common divisor of 2325 and 109740.
465
Calculate the greatest common factor of 1239 and 40533.
177
What is the greatest common divisor of 604436 and 7?
7
What is the greatest common factor of 375725 and 350?
175
Calculate the greatest common divisor of 6179 and 197895.
167
Calculate the greatest common divisor of 8608 and 6725.
269
What is the greatest common factor of 1905093 and 777?
111
Calculate the highest common factor of 269696 and 3440.
688
What is the greatest common factor of 1576 and 1182?
394
Calculate the greatest common divisor of 1343 and 6083.
79
What is the highest common factor of 1100 and 39908?
44
What is the greatest common factor of 20250 and 240?
30
Calculate the greatest common factor of 44590 and 40768.
1274
What is the highest common factor of 495 and 1441?
11
Calculate the greatest common divisor of 2 and 30715.
1
What is the highest common factor of 4408 and 5800?
232
What is the highest common divisor of 2428 and 7481882?
1214
Calculate the highest common factor of 147855 and 165.
15
What is the greatest common divisor of 24 and 40184?
8
Calculate the greatest common factor of 28986 and 15.
3
Calculate the highest common factor of 42292 and 8924.
388
What is the highest common factor of 459 and 98451?
9
What is the greatest common divisor of 433208 and 8?
8
What is the highest common factor of 3496 and 14440?
152
Calculate the greatest common divisor of 201 and 65459.
67
Calculate the highest common factor of 69 and 290559.
69
Calculate the highest common divisor of 56 and 401152.
8
What is the greatest common factor of 182 and 1234?
2
Calculate the highest common factor of 8646 and 3102.
66
Calculate the highest common factor of 2358 and 180.
18
Calculate the greatest common divisor of 16 and 6048.
16
Calculate the highest common factor of 14917 and 917.
7
What is the highest common factor of 1858 and 16?
2
Calculate the highest common factor of 15555 and 527.
17
Calculate the highest common factor of 1024205 and 3185.
455
What is the highest common divisor of 13946 and 208456?
734
What is the highest common divisor of 492478 and 2436?
406
What is the greatest common divisor of 517 and 61241?
47
What is the greatest common divisor of 115977 and 1154?
577
Calculate the greatest common divisor of 1239 and 273.
21
Calculate the highest common divisor of 10060 and 860.
20
What is the greatest common factor of 798 and 31766?
14
Calculate the highest common factor of 64 and 8820032.
64
Calculate the highest common factor of 15 and 14785.
5
Calculate the greatest common divisor of 1639441 and 857.
857
What is the highest common divisor of 26299 and 42?
7
What is the greatest common divisor of 414 and 72?
18
Calculate the highest common factor of 425625 and 150.
75
Calculate the highest common factor of 2323986 and 42.
42
Calculate the greatest common factor of 619611 and 6507.
723
Calculate the highest common divisor of 278681 and 13.
13
Calculate the greatest common divisor of 15 and 31145.
5
Calculate the greatest common divisor of 9173196 and 18.
18
Calculate the greatest common factor of 272 and 3247.
17
Calculate the highest common factor of 1152 and 954.
18
What is the highest common divisor of 33 and 1261392?
33
What is the greatest common factor of 39550 and 1270?
10
Calculate the greatest common divisor of 857225 and 17.
17
What is the greatest common divisor of 922 and 1821411?
461
What is the greatest common divisor of 1368 and 421515?
171
What is the highest common divisor of 1474 and 454729?
737
What is the highest common divisor of 54064 and 527?
31
Calculate the greatest common factor of 399 and 683202.
57
What is the highest common factor of 621 and 407727?
27
What is the highest common factor of 608 and 12122?
38
Calculate the greatest common divisor of 595 and 145435.
85
Calculate the highest common divisor of 600 and 29300.
100
What is the highest common factor of 202 and 151096?
202
What is the greatest common divisor of 511 and 3410414?
511
What is the greatest common divisor of 532189 and 49?
49
Calculate the highest common divisor of 1386 and 768.
6
Calculate the highest common divisor of 114240 and 84728.
952
Calculate the highest common divisor of 26692 and 4.
4
Calculate the highest common divisor of 12 and 256764.
12
What is the highest common divisor of 186 and 11966?
62
Calculate the highest common factor of 17917 and 33649.
437
Calculate the highest common divisor of 9156 and 5292.
84
Calculate the greatest common divisor of 55 and 387090.
55
What is the greatest common factor of 1471 and 885542?
1471
What is the highest common factor of 3582 and 10547?
199
What is the highest common factor of 3283 and 37989?
469
What is the greatest common divisor of 585 and 1250340?
195
Calculate the greatest common factor of 27 and 167.
1
What is the greatest common divisor of 112 and 13258?
14
What is the highest common factor of 117754 and 546?
182
Calculate the greatest common divisor of 1539006 and 84.
42
Calculate the highest common divisor of 1085940 and 324.
108
What is the highest common divisor of 93 and 2045163?
93
Calculate the greatest common divisor of 8125 and 455.
65
Calculate the highest common divisor of 544 and 198696.
136
Calculate the highest common divisor of 174 and 19401.
87
What is the highest common factor of 1104 and 109572?
276
What is the highest common factor of 54222 and 10794?
42
What is the greatest common factor of 403 and 129921?
31
Calculate the greatest common factor of 12876 and 438.
6
Calculate the highest common divisor of 33855 and 999.
111
What is the highest common divisor of 4560 and 39558?
114
Calculate the greatest common factor of 109470 and 356.
178
What is the highest common factor of 346076 and 15424?
964
Calculate the greatest common divisor of 2033449 and 11.
11
What is the highest common divisor of 2165037 and 8253?
2751
What is the greatest common factor of 320 and 21040?
80
Calculate the highest common factor of 117 and 3897.
9
Calculate the highest common divisor of 70 and 214186.
14
Calculate the highest common factor of 2778175 and 50.
25
What is the greatest common factor of 1315446 and 57?
57
Calculate the greatest common factor of 7330 and 225.
5
What is the greatest common divisor of 230 and 3610?
10
What is the greatest common divisor of 606 and 845067?
303
Calculate the highest common factor of 1243 and 187.
11
Calculate the greatest common factor of 61 and 13690352.
61
What is the greatest common factor of 20 and 1810?
10
Calculate the highest common divisor of 2928014 and 7714.
1102
Calculate the highest common factor of 214 and 186287.
107
Calculate the greatest common factor of 429 and 55.
11
What is the highest common factor of 42 and 346556?
14
Calculate the highest common divisor of 744 and 9703.
31
Calculate the highest common factor of 9400 and 1675.
25
Calculate the highest common divisor of 231642 and 1377.
153
What is the highest common divisor of 2070889 and 2074?
1037
Calculate the highest common divisor of 132 and 63129.
33
What is the greatest common factor of 80 and 10480?
80
What is the greatest common factor of 38 and 61940?
38
What is the highest common divisor of 1 and 2008?
1
What is the greatest common factor of 12213 and 106731?
531
Calcula